2714
Convert -199c1 (base 13) to base 11.
-34636
What is 2001 (base 6) in base 4?
12301
What is -1101010111100101 (base 2) in base 11?
-3815a
Convert 12174 (base 10) to base 3.
121200220
Convert -4130 (base 5) to base 8.
-1034
-56ab (base 13) to base 2
-10111101101100
What is 10133321 (base 4) in base 8?
43771
What is -259a (base 14) in base 11?
-4a64
Convert -111020122 (base 4) to base 14.
-23786
What is 1505 (base 7) in base 9?
728
-74040 (base 9) to base 13
-1932c
What is 2c2 (base 14) in base 15?
277
Convert 141242 (base 8) to base 11.
34487
Convert -87 (base 13) to base 11.
-a1
Convert 101421 (base 5) to base 2.
110100100001
-51016 (base 8) to base 7
-115146
What is 110100 (base 5) in base 14?
1539
-1524 (base 8) to base 5
-11402
Convert -12132 (base 4) to base 15.
-1c9
Convert -479 (base 11) to base 15.
-280
What is aeb0 (base 15) in base 10?
37065
-13023 (base 7) to base 10
-3447
-7057 (base 9) to base 7
-21013
Convert 48021 (base 11) to base 14.
1b335
-3866 (base 9) to base 3
-10222020
-1113311 (base 4) to base 14
-2097
What is 234 (base 14) in base 9?
536
-12130231 (base 4) to base 16
-672d
What is -101202 (base 3) in base 5?
-2130
2e (base 15) to base 4
230
c3 (base 14) to base 10
171
What is -8366 (base 14) in base 11?
-16003
Convert 101010011 (base 2) to base 3.
110120
8354 (base 10) to base 11
6305
8034 (base 10) to base 6
101110
What is -42640 (base 9) in base 11?
-1a229
Convert 2311001 (base 4) to base 12.
6855
9529 (base 11) to base 13
5985
2021221020 (base 3) to base 16
b05e
What is -310 (base 14) in base 5?
-4402
Convert -2572 (base 8) to base 16.
-57a
10101100110100 (base 2) to base 7
44150
110111011 (base 2) to base 15
1e8
65b (base 15) to base 11
1096
Convert -332 (base 12) to base 11.
-398
Convert 2780 (base 13) to base 2.
1011000110001
Convert -10030 (base 4) to base 9.
-327
-7d35 (base 15) to base 10
-26600
What is 1022021 (base 3) in base 8?
1670
What is -126a (base 11) in base 2?
-11001110001
What is 10aac (base 13) in base 9?
45620
Convert 11569 (base 10) to base 4.
2310301
-2214 (base 11) to base 12
-1833
-fdae (base 16) to base 6
-1220354
What is 148a (base 11) in base 7?
5402
Convert -775 (base 15) to base 3.
-2022102
What is -14052 (base 7) in base 10?
-3810
What is 14a (base 16) in base 13?
1c5
What is 3330 (base 7) in base 11?
999
Convert -380 (base 10) to base 15.
-1a5
-203 (base 7) to base 8
-145
What is 2a5 (base 15) in base 4?
21131
Convert -12 (base 15) to base 16.
-11
Convert 7658 (base 16) to base 9.
45502
Convert 1021110020 (base 3) to base 2.
110001000011100
1161 (base 11) to base 12
a67
Convert -6436 (base 7) to base 4.
-203221
What is -134b (base 16) in base 7?
-20254
What is -121453 (base 6) in base 16?
-2a09
What is 2352 (base 7) in base 14?
462
Convert 2134 (base 16) to base 10.
8500
-1001001010100110 (base 2) to base 4
-21022212
-131 (base 10) to base 12
-ab
What is -840b (base 15) in base 11?
-19a74
1110001111110 (base 2) to base 14
2930
Convert -1897 (base 14) to base 5.
-120240
What is -51363 (base 10) in base 12?
-25883
Convert -17981 (base 11) to base 16.
-6230
What is 18de (base 15) in base 7?
21461
What is 21510 (base 6) in base 8?
5662
Convert 1110100100111 (base 2) to base 6.
54315
Convert -1222210210 (base 3) to base 2.
-1001100100111001
What is -101011111011 (base 2) in base 8?
-5373
Convert 34004 (base 5) to base 4.
211023
Convert 1783 (base 11) to base 14.
b81
-54a3 (base 15) to base 13
-8211
20 (base 5) to base 12
a
-7173 (base 11) to base 3
-111001112
What is -1234 (base 6) in base 7?
-622
Convert -4580 (base 11) to base 6.
-43505
1493 (base 12) to base 7
10020
Convert 2211000 (base 3) to base 12.
1230
What is -221 (base 11) in base 7?
-526
Convert -19a5 (base 15) to base 10.
-5555
What is 2041301 (base 5) in base 11?
23565
What is -32143 (base 6) in base 13?
-1cc2
10295 (base 13) to base 6
342205
-11111 (base 4) to base 14
-1a5
Convert -2103 (base 13) to base 2.
-1000111010110
Convert 338 (base 9) to base 5.
2103
Convert 3116 (base 14) to base 8.
20400
Convert -17ba9 (base 13) to base 8.
-131562
Convert 18411 (base 9) to base 13.
5a40
Convert -16 (base 11) to base 7.
-23
Convert 10000 (base 13) to base 6.
340121
What is -315a (base 14) in base 11?
-6435
329 (base 11) to base 14
202
Convert -322 (base 4) to base 2.
-111010
Convert 2202111122 (base 3) to base 7.
314231
Convert -435 (base 12) to base 3.
-211212
4c6a (base 13) to base 2
10101010011000
What is 10000101101 (base 2) in base 8?
2055
What is -31865 (base 9) in base 6?
-241435
214001 (base 6) to base 2
100010100110001
1028 (base 10) to base 14
536
Convert -740 (base 8) to base 11.
-3a7
Convert 2013331 (base 4) to base 6.
104141
-14663 (base 7) to base 9
-5568
-2475 (base 10) to base 12
-1523
What is -1c69 (base 15) in base 9?
-8420
-1205352 (base 6) to base 3
-10020000012
-24137 (base 8) to base 9
-15153
Convert 136e2 (base 15) to base 5.
3443222
Convert -21110020 (base 3) to base 4.
-1110321
What is 87 (base 10) in base 4?
1113
Convert -3575 (base 14) to base 4.
-2101203
14313 (base 5) to base 15
558
Convert 1377 (base 9) to base 4.
100102
-7b7 (base 14) to base 5
-22113
What is 1634 (base 11) in base 3?
2212120
Convert 100100111010 (base 2) to base 11.
1858
-233112 (base 4) to base 2
-101111010110
Convert -c08 (base 14) to base 6.
-14532
Convert 2aa (base 16) to base 2.
1010101010
100d3 (base 14) to base 5
2213401
What is -515231 (base 6) in base 14?
-110d5
What is -1010011101 (base 2) in base 8?
-1235
Convert 213a0 (base 12) to base 15.
ce6c
-2ff (base 16) to base 5
-11032
Convert 12138 (base 12) to base 8.
57474
2110100 (base 4) to base 15
2c28
What is -101563 (base 9) in base 8?
-165520
15035 (base 7) to base 16
102e
5a9 (base 12) to base 15
3b9
Convert -26063 (base 12) to base 4.
-30223023
Convert -72 (base 9) to base 13.
-50
-1711 (base 10) to base 6
-11531
What is 222040 (base 5) in base 9?
11583
Convert 1100221 (base 3) to base 5.
12442
Convert -19822 (base 10) to base 11.
-13990
-5287 (base 12) to base 3
-110101111
What is -53064 (base 7) in base 13?
-5c52
Convert -31055 (base 6) to base 10.
-4139
5417 (base 12) to base 15
2b0a
-101001110 (base 2) to base 12
-23a
Convert 1333 (base 10) to base 16.
535
Convert -214323 (base 6) to base 8.
-42653
What is -338 (base 16) in base 8?
-1470
36c (base 15) to base 6
3333
-1000202 (base 3) to base 4
-23231
What is 1331 (base 6) in base 2?
101010111
Convert eb (base 16) to base 11.
1a4
12450 (base 6) to base 15
86c
What is 3516 (base 9) in base 16?
a2f
What is -1120210110 (base 3) in base 4?
-13213131
Convert 16c7 (base 14) to base 12.
2453
Convert 230c9 (base 13) to base 4.
33212012
Convert 33300 (base 4) to base 13.
5c7
What is -627 (base 13) in base 7?
-3024
Convert -651 (base 14) to base 13.
-74c
Convert -115 (base 12) to base 14.
-b7
Convert -45546 (base 9) to base 4.
-13122000
What is -666 (base 12) in base 4?
-32232
0 (base 10) to base 4
0
17730 (base 8) to base 13
3931
What is 587 (base 9) in base 16?
1e4
What is -1033 (base 13) in base 12?
-1367
-2131424 (base 5) to base 3
-1212001110
Convert 13123 (base 4) to base 14.
25d
Convert 630b (base 13) to base 4.
3112010
100000 (base 3) to base 5
1433
What is 1101101101 (base 2) in base 5?
12002
243 (base 11) to base 5
2124
-743 (base 8) to base 12
-343
Convert 375 (base 11) to base 14.
23b
-1d57 (base 15) to base 13
-2b9c
Convert -3333 (base 4) to base 10.
-255
What is -242b (base 14) in base 2?
-1100010100111
Convert 6666 (base 9) to base 14.
1b16
5241 (base 10) to base 15
1846
-b30 (base 14) to base 5
-32243
Convert -679 (base 10) to base 4.
-22213
Convert 134 (base 6) to base 16.
3a
What is 1717 (base 8) in base 16?
3cf
-405 (base 9) to base 6
-1305
What is 33010 (base 4) in base 14?
4cc
What is 2b7 (base 12) in base 3?
120211
-148a7 (base 14) to base 3
-2121002212
Convert -23333 (base 4) to base 14.
-3cb
Convert -667 (base 9) to base 6.
-2311
Convert 136a7 (base 13) to base 4.
20313033
What is 11010111110111 (base 2) in base 11?
a41a
Convert 3217 (base 9) to base 16.
93d
What is -241414 (base 6) in base 3?
-1001221201
Convert -424123 (base 5) to base 13.
-6671
Convert -56 (base 11) to base 10.
-61
Convert -32012 (base 4) to base 16.
-386
Convert -222025 (base 6) to base 7.
-105131
-27295 (base 10) to base 8
-65237